c) = c - 1. What is the units digit of x(o)?
1
Let n = -30 + 17. Let k(t) = -4*t**2 + 5*t - 1. Let d be k(3). Let u = n - d. What is the units digit of u?
9
Suppose 0 = -2*x - 4*r + 196, -5*r - 5 = -15. What is the units digit of x?
4
Suppose m + 4*q = -m - 20, 0 = 2*m - q. Let o = 11 - m. What is the tens digit of o?
1
Let g(z) = -2*z**3 - 13*z**2 + 14*z + 10. What is the tens digit of g(-8)?
9
Suppose 80 = 2*g + 3*g. Let a = -9 + g. What is the units digit of a?
7
Let k(a) = -a**3 + 6*a**2 + 4. Let h be k(6). Let j(g) = 3*g - 1. Let v(d) = 4*d - 2. Let i(w) = 3*j(w) - 2*v(w). What is the units digit of i(h)?
5
Let z be (-32 - -1)*(1 + 0). Let n = z - -78. What is the tens digit of n?
4
Let u(t) = -2*t - 2. Let x = -5 - -3. What is the units digit of u(x)?
2
Suppose -2*j - 20 = -3*r, -r + 6*r = 4*j + 34. What is the units digit of (96/(-20))/(r/(-40))?
2
Let c(u) = -u**3 - 2*u**2 - u - 1. Suppose 0 = -5*o - 18 + 3. What is the tens digit of c(o)?
1
Let p(u) = 7*u**3 + 2*u**2 - 1. Let z be p(1). What is the units digit of -39*(-3 - z/(-3))?
3
Let c(t) = -t**3 - 4*t**2 - t - 1. Let r be c(-3). Let a(p) = -p**3 - 7*p**2 + 1. What is the units digit of a(r)?
1
Let o(h) = -h**3 - 10*h**2 - h - 3. Let r be o(-10). Suppose a - r = -0. What is the units digit of a?
7
Suppose 0 = -u + 5*s - 16, 2*u - 12 = u - 2*s. Suppose -q + 4 = -u*k - 27, -4*q + 4*k = -64. What is the tens digit of q?
1
Let a = 201 + -66. What is the tens digit of a?
3
Let d(h) = -48*h - 54. What is the hundreds digit of d(-5)?
1
Suppose 0 = 4*z + 20, -113 = -5*k + 3*z - 8. What is the tens digit of k?
1
Let s(i) = i**2 - 3*i - 33. What is the tens digit of s(19)?
7
Suppose c - 3 = 4. Let p be (-111)/(-21) + 2/(-7). Suppose -4*x = -l + x - c, -3*x = -p*l + 9. What is the units digit of l?
3
Let l = 36 - -2. What is the tens digit of l?
3
Let s = 108 - -94. What is the hundreds digit of s?
2
What is the hundreds digit of 3/(-15) + (3858/5)/3?
2
Let z be (8 - (-2 + 1))/(-1). Let q be 2/(-6) + 24/(-9). Let w = q - z. What is the units digit of w?
6
Let r(y) = -y - 1. Let b be r(3). Let q be (4 - 5)*-5*1. Let z = b + q. What is the units digit of z?
1
Let p = -18 + 8. What is the units digit of (-4)/p - 689/(-65)?
1
What is the tens digit of 6132/63*(-3)/(-2)?
4
Suppose 4*s = 6*m - m - 1033, 4*m = -s + 839. What is the hundreds digit of m?
2
Let v(x) = 3*x**2 + 20*x + 22. What is the units digit of v(-14)?
0
Let v(i) = -i**3 - 7*i**2 + 3. Let q be v(-7). Suppose -q*t - 15 = -2*t. Let z = -8 - t. What is the units digit of z?
7
Suppose a - 3*k = 0, -2*a - 2*a = -4*k. Suppose 0 = 5*y - a*y + 45. What is the tens digit of 30/y*18/(-5)?
1
Let i(k) = 2*k - 3. Let z = -17 + 5. Let n = z - -18. What is the units digit of i(n)?
9
Suppose 0 = 2*z + 3*o + 25 + 2, 3*o = 2*z + 9. What is the tens digit of 2/(-2)*(z + -3)?
1
Suppose -209 = -5*k - 2*l, l - 169 = 2*k - 6*k. Suppose -4*w + 135 = k. What is the tens digit of w?
2
Let o = 0 - -4. Suppose 0 = o*r - r. Suppose -y + 5 = -r*y. What is the units digit of y?
5
Let z = 43 - 25. What is the units digit of -2 - (-1 + -1 - z)?
8
Suppose 1 = -m + 2. What is the units digit of 1 + m/(2/4)?
3
Let p be 2/((4/5)/2). Let t be 1*2/4*4. Suppose -4*n + 28 = -p*f, -n = f - 5 - t. What is the units digit of n?
7
Let b(w) = 3*w**2 - 14*w + 8. What is the hundreds digit of b(9)?
1
Let l(u) = u**3 - u**2 - u - 30. Let b be l(0). What is the units digit of 4*(-3)/30*b?
2
Let m(j) = 19*j - 21. What is the tens digit of m(10)?
6
What is the units digit of (-17034)/(-119) + (-1)/7?
3
Suppose -5*q - 5*i = -3195, -2*q + q + 636 = 4*i. What is the tens digit of q/48*(-6)/(-5)?
1
Let w = -16 + 19. Suppose -4*i + w*i + 25 = 0. What is the tens digit of i?
2
Suppose -5*c = 5*k - 285, 2*c = 5*k - 2*k - 196. What is the tens digit of k?
6
Let s be (-80)/(-12) - (-2)/6. Let a = 17 - s. What is the tens digit of a?
1
Suppose -12 = 4*t - 0*t. What is the units digit of (20/15)/((-1)/t)?
4
What is the tens digit of (5 - 44/8)*-92?
4
Let v(u) = -u + 13. Let b be v(9). Let x(g) = g**3 - g + 24. Let p be x(0). Suppose 2*d + p = 4*y, 2*y - 2*d = b*y - 18. What is the units digit of y?
7
Suppose -4*s + 0*s + 20 = 0. Let o(k) = -k**3 - 2*k**2 - k + 1. Let h be o(-2). Suppose h*r + 2*r = -s*a + 30, -4 = -4*a + r. What is the units digit of a?
2
Let d be (-3*73)/3 + 1. What is the units digit of d/(-3)*2/3?
6
Suppose 4*k - 161 = -3*q - 6, 2*k - 5*q - 97 = 0. What is the tens digit of k?
4
Let i(s) = -s**2 + 16*s - 12. Let r be i(11). Suppose -148 = -5*c - r. What is the units digit of c?
1
What is the units digit of 15*(18/5 - (9 + -13))?
4
Let j be (-2)/((-2)/2) - -2. Suppose 5*k + 8 + 5 = j*o, -k = -o + 2. What is the units digit of -1 + (-6)/o + 12?
3
Suppose -2*p + 3*p = -5*m + 58, -244 = -5*p - 2*m. What is the units digit of p?
8
Let m = 1 - 8. Let o = 1 - m. Suppose 3*c + c - o = 0. What is the units digit of c?
2
Suppose 3*c = -0 + 21. What is the units digit of c?
7
Suppose v = -3*l + 11, -v + 1 = v - l. Suppose 1 = -v*m + 3*m. What is the units digit of m?
1
Let p = 66 - 21. What is the tens digit of ((-40)/6)/((-10)/p)?
3
Suppose -2*r - 8 = -3*r. What is the units digit of r?
8
Let b = -4 + 8. Suppose b*j = -3 - 5. What is the units digit of (j - (-6)/(-1))/(-1)?
8
Suppose -6 = 5*y + 5*k - 51, 2*k = -3*y + 23. Suppose -3 = -y*t + 7. What is the units digit of t?
2
Suppose 24 = -4*f - 0*f. Let q be 2/(f/(-45)) - 0. Suppose -2*o = 3*o + 2*d - 31, o - q = 4*d. What is the units digit of o?
7
Let a(j) be the second derivative of j**4/6 + j**3 + j**2/2 + 6*j. What is the units digit of a(-4)?
9
Suppose 5*p = -4*d + 10, 2*d + p = -0*p + 8. Suppose -27 + d = -a. Suppose 2*j = 4*b - 14, b + 4*j + a - 3 = 0. What is the units digit of b?
1
Let p(q) = -4*q - 3. What is the units digit of p(-3)?
9
Let z = 3 + 0. Let a be -6*(-1)/(2 + -1). What is the tens digit of (z - a)*22/(-6)?
1
Let i(t) = t**3 + 8*t**2 - 9*t - 19. What is the tens digit of i(-6)?
0
Let r(i) be the third derivative of -1/24*i**4 + 2*i**2 + 1/3*i**3 + 0*i - 1/30*i**5 + 0 - 1/120*i**6. What is the units digit of r(-2)?
4
Suppose -5*n = -2*j - 29 - 26, -3*n + 4*j = -19. Let o = n - 7. What is the units digit of o?
6
Let m be 23 + (-1*4 - -1). Suppose -5 = 3*f - m. Suppose -f - 4 = -3*o. What is the units digit of o?
3
Let h(i) = 2*i - 7. Let p be h(7). Let s(z) = -z - 9. Let o be s(-7). Let g = p + o. What is the units digit of g?
5
Let w(h) = h**3 + 6*h**2 - 8*h - 1. Suppose -2*g - 8 - 6 = 0. Let b be w(g). What is the units digit of b + 2/(4/6)?
9
Let b be 0 + 6 - (4 + -3). Suppose -2*t + 3*x = -21 + 6, x + 5 = 0. Let w = b - t. What is the units digit of w?
5
Suppose l - 3*k = -0*k + 127, l = 4*k + 126. What is the hundreds digit of l?
1
Suppose -21 = -b + 14. What is the units digit of b?
5
Let j(h) = -h**3 + 11*h**2 + 9*h - 24. What is the hundreds digit of j(9)?
2
Suppose 5*u + 3*d = -0*u + 11, -2*d + 2 = 2*u. Suppose -t = -3, -4*j + u*t + 48 = -0*t. What is the tens digit of j?
1
Suppose 33*d = 38*d - 240. What is the units digit of d?
8
Let g(i) be the third derivative of -i**5/60 + 5*i**3/3 + i**2. What is the units digit of g(0)?
0
Let b = 4 - 1. What is the tens digit of -3 + (28 + -2 - b)?
2
What is the tens digit of -3*3/3 + 62?
5
Suppose 2*n = 10 + 44. What is the tens digit of (-264)/(-27) - (-6)/n?
1
Let s(u) = -u**3 - 3*u**2 - 3*u. Let b be s(-2). Let n = 4 - b. What is the units digit of n?
2
Suppose -3*o + 36 = i, 5*o + 27 - 2 = 0. What is the tens digit of i?
5
Let i(t) = -t**2 - 3*t + 3. Suppose 3*l - 8*l - 15 = 0. What is the units digit of i(l)?
3
Suppose -2*k + k = 3*y - 160, -y + 3*k + 70 = 0. Let q be (-2)/(-11) + 705/y. Let w = q + -9. What is the units digit of w?
4
Let d = -3 + 18. Suppose 2*f + 3*f = d. Suppose -t = -w + t + 16, 0 = f*w + 3*t - 48. What is the units digit of w?
6
Let i(q) = q**3 + 8*q**2 + 6*q - 1. Let w be i(-7). Suppose 20 = -y + w*y. What is the units digit of y?
4
Suppose -11*t + 1156 = -7*t. What is the units digit of t?
9
Let c(x) be the third derivative of -x**6/120 - x**5/15 + x**4/4 - x**3 + 3*x**2. Let y be c(-5). Let s = -6 - y. What is the units digit of s?
5
Let f = 16 + 25. Let a = f - 9. Let r = a + -23. What is the units digit of r?
9
Let u = 10 + 4